tor of 45 and 144?
9
Calculate the greatest common divisor of 621 and 276.
69
What is the greatest common divisor of 140 and 1218?
14
What is the highest common factor of 16 and 2264?
8
What is the greatest common factor of 135 and 855?
45
Calculate the greatest common divisor of 456 and 6.
6
What is the greatest common factor of 180 and 4380?
60
What is the greatest common divisor of 66 and 671?
11
What is the greatest common factor of 7 and 889?
7
Calculate the greatest common divisor of 420 and 588.
84
What is the highest common factor of 910 and 650?
130
Calculate the greatest common divisor of 2363 and 1807.
139
What is the highest common factor of 4558 and 86?
86
What is the greatest common factor of 50 and 80?
10
What is the highest common divisor of 448 and 343?
7
Calculate the highest common factor of 55 and 935.
55
Calculate the greatest common divisor of 1296 and 1377.
81
Calculate the greatest common divisor of 333 and 481.
37
What is the highest common factor of 4 and 3364?
4
What is the greatest common divisor of 208 and 338?
26
What is the greatest common factor of 105 and 75?
15
What is the highest common factor of 903 and 1161?
129
Calculate the highest common factor of 2014 and 190.
38
What is the highest common divisor of 41 and 5?
1
What is the greatest common divisor of 1695 and 30?
15
Calculate the greatest common divisor of 4 and 32.
4
Calculate the highest common factor of 127 and 8128.
127
Calculate the highest common factor of 99 and 3663.
99
What is the greatest common divisor of 68 and 2074?
34
Calculate the greatest common divisor of 52 and 2626.
26
Calculate the highest common divisor of 781 and 33.
11
Calculate the greatest common factor of 22 and 2222.
22
What is the highest common factor of 20 and 34430?
10
What is the greatest common factor of 512 and 1408?
128
Calculate the highest common divisor of 63 and 21.
21
Calculate the greatest common divisor of 561 and 33.
33
What is the greatest common factor of 298 and 4917?
149
Calculate the highest common factor of 130 and 30.
10
What is the greatest common factor of 206 and 206?
206
Calculate the greatest common factor of 345 and 552.
69
Calculate the greatest common divisor of 18 and 180.
18
What is the greatest common factor of 24 and 336?
24
What is the highest common factor of 24 and 48?
24
What is the greatest common factor of 130 and 1040?
130
Calculate the highest common divisor of 1180 and 1239.
59
What is the highest common divisor of 1955 and 115?
115
Calculate the highest common divisor of 96 and 1296.
48
What is the greatest common divisor of 58 and 116?
58
What is the highest common factor of 10738 and 236?
118
Calculate the highest common factor of 77 and 22.
11
What is the highest common divisor of 17390 and 148?
74
Calculate the greatest common factor of 45 and 1215.
45
What is the highest common factor of 30 and 1080?
30
Calculate the greatest common divisor of 13489 and 987.
329
What is the greatest common factor of 2527 and 532?
133
What is the greatest common factor of 154 and 66?
22
What is the highest common factor of 77 and 42?
7
What is the highest common divisor of 785 and 5?
5
What is the greatest common divisor of 54 and 6912?
54
Calculate the greatest common divisor of 17 and 85.
17
What is the highest common factor of 44 and 10912?
44
Calculate the greatest common divisor of 45 and 15606.
9
Calculate the greatest common divisor of 28 and 1414.
14
Calculate the greatest common divisor of 220 and 165.
55
What is the greatest common factor of 18 and 8?
2
Calculate the highest common factor of 165 and 935.
55
What is the greatest common factor of 1664 and 1152?
128
Calculate the highest common factor of 43 and 3182.
43
What is the greatest common factor of 300 and 975?
75
Calculate the highest common divisor of 180 and 380.
20
Calculate the greatest common factor of 63 and 3087.
63
Calculate the greatest common factor of 3887 and 23.
23
What is the highest common factor of 13 and 1?
1
What is the greatest common factor of 63 and 1395?
9
What is the highest common factor of 2170 and 2480?
310
Calculate the greatest common factor of 15327 and 234.
117
Calculate the greatest common factor of 83 and 10873.
83
What is the highest common divisor of 553 and 483?
7
Calculate the greatest common divisor of 500 and 520.
20
Calculate the greatest common divisor of 22 and 2431.
11
Calculate the greatest common divisor of 1280 and 5376.
256
What is the highest common divisor of 5891 and 411?
137
What is the greatest common divisor of 357 and 525?
21
Calculate the highest common factor of 825 and 150.
75
What is the highest common divisor of 60 and 1014?
6
What is the highest common factor of 1284 and 52?
4
Calculate the highest common factor of 39 and 12.
3
Calculate the highest common divisor of 48 and 1128.
24
What is the highest common factor of 1464 and 42?
6
Calculate the highest common factor of 960 and 210.
30
Calculate the greatest common factor of 14 and 63.
7
Calculate the greatest common divisor of 80 and 20000.
80
Calculate the highest common divisor of 253 and 44.
11
Calculate the highest common factor of 211 and 8.
1
What is the highest common divisor of 56 and 56?
56
What is the greatest common factor of 252 and 108?
36
Calculate the highest common factor of 11 and 187.
11
What is the greatest common factor of 226 and 113?
113
What is the highest common divisor of 702 and 108?
54
What is the highest common divisor of 140 and 580?
20
Calculate the highest common divisor of 345 and 15.
15
Calculate the highest common divisor of 434 and 124.
62
What is the highest common factor of 259 and 3774?
37
Calculate the highest common factor of 36 and 27.
9
What is the greatest common divisor of 12914 and 55?
11
What is the greatest common divisor of 87 and 10991?
29
What is the highest common factor of 1358 and 994?
14
Calculate the greatest common factor of 7572 and 24.
12
Calculate the greatest common divisor of 28 and 16.
4
Calculate the highest common divisor of 765 and 45.
45
Calculate the greatest common factor of 5018 and 52.
26
Calculate the highest common divisor of 285 and 513.
57
Calculate the highest common divisor of 31 and 93.
31
Calculate the highest common divisor of 10758 and 44.
22
What is the greatest common divisor of 30 and 25?
5
Calculate the highest common factor of 80 and 30.
10
Calculate the highest common divisor of 273 and 195.
39
What is the greatest common factor of 87 and 42369?
87
What is the highest common factor of 6966 and 27?
27
Calculate the greatest common divisor of 1360 and 3315.
85
Calculate the highest common divisor of 1472 and 276.
92
What is the highest common factor of 88922 and 346?
346
What is the greatest common divisor of 1872 and 1008?
144
What is the highest common divisor of 1525 and 1403?
61
Calculate the highest common factor of 77 and 10549.
77
Calculate the highest common divisor of 2855 and 5.
5
What is the greatest common divisor of 721 and 824?
103
Calculate the greatest common factor of 267 and 53133.
267
Calculate the greatest common divisor of 115 and 23.
23
Calculate the highest common factor of 83 and 3403.
83
Calculate the highest common divisor of 21 and 11067.
21
What is the highest common factor of 101 and 2?
1
What is the highest common factor of 1 and 8?
1
Calculate the highest common factor of 110 and 385.
55
Calculate the greatest common factor of 155 and 65.
5
What is the highest common divisor of 14512 and 16?
16
Calculate the greatest common factor of 4480 and 140.
140
What is the highest common divisor of 102 and 34?
34
What is the greatest common divisor of 37 and 18611?
37
Calculate the greatest common divisor of 8 and 104.
8
What is the greatest common divisor of 90 and 3618?
18
What is the greatest common divisor of 61 and 10187?
61
What is the highest common divisor of 1 and 27?
1
Calculate the greatest common divisor of 494 and 221.
13
What is the greatest common divisor of 30 and 45?
15
Calculate the highest common divisor of 4665 and 45.
15
Calculate the highest common divisor of 10 and 30.
10
Calculate the greatest common factor of 15 and 555.
15
What is the greatest common divisor of 78 and 156?
78
Calculate the greatest common divisor of 225 and 99.
9
Calc